 31.
29
What is the remainder when 596519 is divided by 2218?
2095
Calculate the remainder when 35462813 is divided by 272.
269
Calculate the remainder when 3488568 is divided by 1570.
28
Calculate the remainder when 101929 is divided by 20385.
4
Calculate the remainder when 8412229 is divided by 7.
0
What is the remainder when 180498118 is divided by 31?
29
Calculate the remainder when 111069 is divided by 54926.
1217
Calculate the remainder when 463891 is divided by 9870.
1
Calculate the remainder when 49291316 is divided by 15.
11
What is the remainder when 25730506 is divided by 64976?
10
Calculate the remainder when 200449 is divided by 6267.
6172
Calculate the remainder when 106789 is divided by 813.
286
What is the remainder when 1374967 is divided by 50?
17
What is the remainder when 376401 is divided by 129?
108
Calculate the remainder when 7883212 is divided by 157664.
12
What is the remainder when 268139 is divided by 164?
163
Calculate the remainder when 996967 is divided by 866.
201
What is the remainder when 550946 is divided by 73?
15
What is the remainder when 673321 is divided by 15653?
242
Calculate the remainder when 2620671 is divided by 3712.
3711
What is the remainder when 19854437 is divided by 196?
29
What is the remainder when 2912700 is divided by 153280?
380
What is the remainder when 145334886 is divided by 74?
70
Calculate the remainder when 42035 is divided by 41811.
224
What is the remainder when 21493503 is divided by 226?
225
Calculate the remainder when 28960799 is divided by 15.
14
What is the remainder when 547649 is divided by 547130?
519
What is the remainder when 685178 is divided by 6588?
26
Calculate the remainder when 3248282 is divided by 51.
41
Calculate the remainder when 1211152 is divided by 1715.
362
What is the remainder when 588300110 is divided by 2503?
2499
What is the remainder when 114645 is divided by 12732?
57
What is the remainder when 3731182 is divided by 12153?
211
Calculate the remainder when 9265225 is divided by 9265213.
12
What is the remainder when 115624 is divided by 2184?
2056
Calculate the remainder when 395623 is divided by 1403.
1380
Calculate the remainder when 414386168 is divided by 2397.
2396
Calculate the remainder when 330741 is divided by 29.
25
Calculate the remainder when 3237469 is divided by 15.
4
What is the remainder when 294393 is divided by 15491?
64
Calculate the remainder when 2084168 is divided by 137.
124
What is the remainder when 88551 is divided by 720?
711
What is the remainder when 459424 is divided by 1677?
1603
Calculate the remainder when 41416897 is divided by 446.
445
What is the remainder when 2750536 is divided by 569?
559
Calculate the remainder when 1664513 is divided by 33.
26
What is the remainder when 1475634 is divided by 106?
8
Calculate the remainder when 457829 is divided by 50.
29
Calculate the remainder when 62851 is divided by 150.
1
Calculate the remainder when 225320 is divided by 1830.
230
What is the remainder when 89929 is divided by 5005?
4844
What is the remainder when 44885449 is divided by 4163?
4146
What is the remainder when 3049415 is divided by 246?
245
What is the remainder when 266899 is divided by 3294?
85
Calculate the remainder when 528435 is divided by 28636.
12987
What is the remainder when 45776092 is divided by 1911?
1909
What is the remainder when 48411 is divided by 45940?
2471
What is the remainder when 901485 is divided by 153?
9
Calculate the remainder when 1963793 is divided by 139.
1
What is the remainder when 1190809 is divided by 445?
434
What is the remainder when 1222388 is divided by 5?
3
Calculate the remainder when 1091762 is divided by 7969.
9
What is the remainder when 21798548 is divided by 2724817?
12
Calculate the remainder when 289652 is divided by 47962.
1880
Calculate the remainder when 844190 is divided by 304.
286
What is the remainder when 2951614 is divided by 134162?
50
Calculate the remainder when 9100 is divided by 1703.
585
What is the remainder when 241722 is divided by 24?
18
What is the remainder when 145152 is divided by 47832?
1656
Calculate the remainder when 16141 is divided by 422.
105
Calculate the remainder when 229403 is divided by 337.
243
Calculate the remainder when 75636 is divided by 1975.
586
What is the remainder when 917613 is divided by 334?
115
What is the remainder when 39304906 is divided by 692?
690
What is the remainder when 291473 is divided by 145728?
17
Calculate the remainder when 133337 is divided by 132962.
375
Calculate the remainder when 39202514 is divided by 39202498.
16
Calculate the remainder when 4887397 is divided by 227.
87
What is the remainder when 2322828 is divided by 129042?
72
What is the remainder when 3338157 is divided by 1112718?
3
Calculate the remainder when 7593620 is divided by 4.
0
Calculate the remainder when 13672322 is divided by 4557436.
14
What is the remainder when 538794 is divided by 1815?
1554
What is the remainder when 1550696 is divided by 110749?
210
What is the remainder when 1203290 is divided by 528?
506
What is the remainder when 1278471 is divided by 1543?
867
What is the remainder when 302115 is divided by 37763?
11
Calculate the remainder when 10769464 is divided by 1084.
1008
Calculate the remainder when 1718499 is divided by 27277.
48
Calculate the remainder when 5158053 is divided by 36.
9
Calculate the remainder when 931710 is divided by 4235.
10
What is the remainder when 17462 is divided by 238?
88
Calculate the remainder when 70761091 is divided by 37.
34
Calculate the remainder when 2206664 is divided by 316.
36
What is the remainder when 4352877 is divided by 1905?
1857
Calculate the remainder when 25313288 is divided by 1098.
1094
What is the remainder when 294348 is divided by 360?
228
What is the remainder when 264710 is divided by 7052?
3786
What is the remainder when 7104238 is divided by 26?
24
Calculate the remainder when 71499 is divided by 16576.
5195
Calculate the remainder when 1000066 is divided by 12047.
165
What is the remainder when 78752699 is divided by 650?
649
Calculate the remainder when 500539 is divided by 125065.
279
Calculate the remainder when 5506996 is divided by 229.
4
Calculate the remainder when 102121 is divided by 880.
41
What is the remainder when 62752 is divided by 2306?
490
Calculate the remainder when 1514043 is divided by 116.
11
Calculate the remainder when 5564490 is divided by 2782240.
10
What is the remainder when 1133639 is divided by 325?
39
What is the remainder when 8120444 is divided by 22?
2
Calculate the remainder when 64772655 is divided by 3085.
3080
What is the remainder when 32679 is divided by 616?
31
What is the remainder when 11073 is divided by 25?
23
Calculate the remainder when 2172379 is divided by 5747.
13
What is the remainder when 11422 is divided by 11036?
386
Calculate the remainder when 1401002 is divided by 1656.
26
What is the remainder when 1120698 is divided by 58972?
230
Calculate the remainder when 96271132 is divided by 16.
12
What is the remainder when 11507641 is divided by 57?
25
Calculate the remainder when 407442 is divided by 764.
230
Calculate the remainder when 4336188 is divided by 98.
80
Calculate the remainder when 176089 is divided by 4904.
4449
What is the remainder when 601970 is divided by 3308?
3222
What is the remainder when 17801912 is divided by 3143?
3103
Calculate the remainder when 3226391 is divided by 33.
14
What is the remainder when 407225 is divided by 17667?
884
Calculate the remainder when 242707 is divided by 124.
39
What is the remainder when 8057919 is divided by 416?
415
What is the remainder when 140890 is divided by 315?
85
What is the remainder when 10899631 is divided by 1524?
1507
Calculate the remainder when 227415 is divided by 2916.
2883
What is the remainder when 12869321 is divided by 1839?
1838
Calculate the remainder when 364087 is divided by 2479.
2153
What is the remainder when 228985 is divided by 413?
183
What is the remainder when 32092 is divided by 5774?
3222
Calculate the remainder when 763007 is divided by 13879.
13541
Calculate the remainder when 3578207 is divided by 357820.
7
Calculate the remainder when 2383145 is divided by 52958.
35
Calculate the remainder when 17